st common factor of q and 64.
16
Let z(l) = -l**3 + 13*l**2 - 12*l + 4. Let r be z(9). Let j(g) = -1985*g + 16012. Let x be j(8). What is the highest common factor of x and r?
44
Suppose 27*b - 68*b - 17*b + 67512 = 0. What is the highest common divisor of 9700 and b?
388
Let r = 6843 - -8004. What is the greatest common divisor of 147 and r?
147
Suppose 22*w - 18*w = 3*d - 7369, -5*d + 3*w + 12267 = 0. Calculate the greatest common divisor of 171 and d.
57
Let m(n) = -n**3 - 91*n**2 - 95*n - 1. Let v be m(-90). Calculate the greatest common divisor of v and 1.
1
Let h be (2079/6)/11*(-2800)/(-30). Calculate the highest common factor of h and 175.
35
Let y(q) = 23*q**3 + 3*q**2 + 9*q - 24. Let u be y(3). Suppose u + 75 = 6*c. Calculate the greatest common factor of 11 and c.
11
Suppose 2*t - 5*l = -2 + 29, -43 = -4*t - l. Let y = -5 + 13. Let b be 356/y - 4/8. Calculate the highest common divisor of b and t.
11
Suppose -5 = -3*s - 4*x, 5*x - 20 + 0 = -s. Let n be s/(-3) - 8128/(-48). Calculate the greatest common divisor of 19 and n.
19
Let b(q) = q**3 + 11*q**2 + 8*q - 32. Let p be b(-9). Suppose z = 3*d - 64 - 19, -2*z = 2*d - p. What is the greatest common divisor of 49 and d?
7
Let r = 90 + -74. Suppose r*o = -2 - 974. Let v = o + 111. Calculate the highest common divisor of 10 and v.
10
Suppose -1318*x + 1305*x = -1430. What is the highest common factor of x and 198?
22
Let a be 2992/(-3) + -1 - (-166)/(-249). Let y be 6/(-8) - a/36. Suppose s - 13 = -7. What is the highest common divisor of s and y?
3
Let t = 456 + -248. Let u(s) = -40*s**2 - 3043*s - 150. Let j be u(-76). Calculate the highest common factor of j and t.
26
Let w be 2/(-10) - (-282)/10. Suppose -p = -4, -a + p - 3 = 6. Let x(i) = 3*i**2 - 8*i - 3. Let v be x(a). Calculate the highest common divisor of w and v.
28
Suppose -a - 564 = 3*o - 1502, -4*a = -20. Let i = o - 269. What is the highest common divisor of 24 and i?
6
Let h = 162 - 70. Let f(c) = 17*c**2 - 63*c - 748. Let i be f(-9). What is the highest common factor of h and i?
92
Let n(z) = -z**3 + z**2 + 4*z + 24. Suppose -5 = -5*b, -2*d + b = -0*d + 1. Let a be n(d). Calculate the highest common divisor of a and 696.
24
Suppose -160 = 5*t - 0*t. Let l = t + 33. Suppose u + l = 2*u + j, 5*j + 37 = 2*u. What is the greatest common factor of 12 and u?
6
Let v(d) = d**3 - 10*d**2 + 11*d + 10. Let m be v(10). Suppose -5*u = -3*o - 212, 3*u + o = -4 + m. What is the highest common factor of 20 and u?
20
Let i be 155/4 + (-19)/(-76). Suppose i*m - 11745 = 12*m. What is the greatest common divisor of 15 and m?
15
Suppose 6*p - 1581 = -5*d + 3*p, 1270 = 4*d + 5*p. Let g = d - 243. Calculate the greatest common factor of 9 and g.
9
Let k be -1*522/(-5)*(-985)/(-591). Suppose 4*i - 348 = -2*i. Calculate the greatest common factor of i and k.
58
Suppose 41*l - 66894 = -54102. Let b = -21 + 29. Calculate the highest common factor of b and l.
8
Let n be (4/16)/(6/24). Let p be n*15/(-5) + 6. What is the highest common factor of 24 and p?
3
Let y = 31044 - 31023. Let i be (6/(-8))/((-1)/336). What is the greatest common divisor of y and i?
21
Let f(w) = 60*w + 84. Let y(u) = 61*u + 81. Let n(v) = 3*f(v) - 4*y(v). Let h be n(-8). Calculate the highest common factor of 40 and h.
40
Let x(f) = -f**3 - 19*f**2 - 20*f - 16. Let u be x(-18). Calculate the highest common factor of u and 51280.
20
Let p(r) = 6*r - 3. Suppose -6*g = -3*g - 42. Let y be p(g). What is the highest common divisor of y and 9?
9
Let k be 3/(-4) + (-4563)/108. Let i = -75 + 27. Let l = k - i. What is the greatest common factor of 2 and l?
1
Suppose 2*u - 4*z - 22484 = 0, -3*u + 4*z + 19898 + 13834 = 0. Calculate the greatest common divisor of u and 74.
74
Suppose -1400500 = -44*a - 389864. Calculate the greatest common factor of a and 206.
103
Let k(n) = n**2 + 5*n - 46. Let h be k(-9). Let c be 2 + (-28)/h - 4/(-20). What is the highest common factor of c and 35?
5
Let x = 16478 - 10122. Calculate the greatest common divisor of 14 and x.
14
Suppose 0 = -2*y - 8, 14*r - 19*r + 36 = -4*y. Suppose w - 35 = -q, 16*q - 19*q - 105 = -r*w. Calculate the greatest common factor of 270 and w.
30
Let t be -2*((-5)/(-2) - 2). Let m be ((-304)/12)/(t - (-2)/6). Calculate the greatest common divisor of 342 and m.
38
Suppose 1961 = -784*o + 837*o. What is the greatest common divisor of o and 851?
37
Let k be -21 - -2*(-12)/8. Let p = k + 64. Let w be (-2)/(-2)*(16 - 8). What is the greatest common factor of w and p?
8
Let u = 18 - 1. Let h(o) = -3*o + 21 + 9*o - u*o. Let a be h(-4). What is the highest common divisor of a and 26?
13
Suppose 13*s = -21*s - 62*s + 10080. Calculate the greatest common divisor of 2436 and s.
21
Let x be (-12)/(-28) - 6/(-28)*166. Suppose 2*p = 4*p - 8. Calculate the greatest common divisor of x and p.
4
Let j(b) = 7*b**3 + b**2 - 3*b + 1. Let x be j(1). Suppose g + 4*g - 30 = 0. Suppose 5*v + 18 = g*v. Calculate the highest common factor of x and v.
6
Let b be 10652/18 + (-2)/(-9). Suppose 0 = 17*o - 3110 - 3588. Suppose -l + b = 3*d - 3*l, o = 2*d - 2*l. Calculate the greatest common divisor of 22 and d.
22
Suppose -c = -5*t + 5, -41*t + 40*t = -4*c + 75. Let h = 2 - -1. Suppose h*v = 4*r - 8, -r = -5*r + 5*v. What is the greatest common divisor of c and r?
5
Let u(h) = 4*h**2 - 11*h. Suppose 2*o + 4 + 2 = 0, -18 = c + 4*o. Let b be u(c). What is the highest common divisor of 15 and b?
15
Let u(z) = -4*z**3 - 9*z**2 + 29*z + 296. Let b be u(-8). Calculate the greatest common divisor of 168 and b.
24
Let b be 2/(-2*3) - (-52)/12. Suppose -1 + 3 = b*i + 5*d, 2*i + 2 = -4*d. Suppose i*h = -13*h + 1824. What is the highest common factor of 76 and h?
38
Let a(b) = 48*b - 568. Let m be a(16). Calculate the greatest common divisor of m and 128.
8
Suppose p - 74 = h, 3*h + 227 = 3*p + h. Let k = 72 - p. Let z = 16 + k. What is the highest common factor of 18 and z?
9
Let g(y) = 2*y + 20. Let u be g(-10). Let n be 1*u/(1 - -2). Suppose -3*t + 223 = -4*s, s + n*s - 2 = 0. Calculate the greatest common divisor of t and 11.
11
Suppose -w + 2762 = 2386. Let v = w - 369. What is the greatest common divisor of 84 and v?
7
Let g = -949 + 971. Suppose 17*i + 405 = g*i. What is the greatest common divisor of i and 15?
3
Let z be (-3 - -5) + -1 + 1. Suppose z*y + 3*y = 220. Suppose -99 = -3*j + 4*d, 3*j - 51*d + 49*d - 99 = 0. Calculate the highest common divisor of y and j.
11
Let x = 13 - 20. Let v = x - -15. Let i(p) = 5*p**3 - 6*p**2 + 6*p - 11. Let w be i(3). Calculate the highest common factor of w and v.
8
Let o be (8/(-24))/((-1)/(-3)). Let d be 6/(o - (-141)/132). Suppose -1166 = -135*w + 82*w. Calculate the greatest common factor of d and w.
22
Let x = -339 + 788. Suppose 0 = -m + t + x, 3*m + 5*t - 1654 = -291. Calculate the highest common factor of 41 and m.
41
Let i(b) = b**3 + 12*b**2 + 5. Let c be i(-12). Suppose 2*v = c*s - 60, v + 31 = -3*s + 78. What is the greatest common factor of s and 266?
14
Let u be -3*(2 + -3 + 48)/3. Let a = 21 - u. Let y = -53 + a. What is the greatest common divisor of y and 5?
5
Let f(l) = 689 + 7*l - 386 - 409. Let m be f(19). What is the greatest common divisor of 837 and m?
27
Suppose -4*d - 80 = -20*d. Suppose 4*x - 2751 = -5*c + 3*x, -2195 = -4*c + d*x. Calculate the highest common divisor of c and 50.
50
Let a be (-35808)/128*8/(-6). Let h = a - 268. What is the greatest common divisor of h and 147?
21
Let l = 16246 + -16233. Suppose -79 = -z + 64. Calculate the highest common divisor of l and z.
13
Let u = 522 - -117. What is the greatest common factor of 36 and u?
9
Let t(s) = -s**2 - s - 65. Let o be t(0). Let k = -61 - o. Let c be (4/(-2) + (9 - k))*1. Calculate the greatest common divisor of 1 and c.
1
Let o(h) = -2*h**3 + 132*h**2 - 502*h - 265. Let c be o(60). What is the greatest common divisor of c and 165?
55
Let l be (3 - -6) + 19 + 363. Calculate the greatest common factor of 187 and l.
17
Let o = -381 + 903. Suppose s + 0*s + 208 = -2*j, o = -5*j - 2*s. Let f = 151 + j. What is the greatest common divisor of 9 and f?
9
Suppose 5*b - 221*v + 216*v - 57585 = 0, 4*v = 0. Calculate the highest common divisor of b and 33.
33
Let z = -141 + 147. Suppose 45 = -z*c + 11*c. What is the greatest common fa